{"id":157,"date":"2024-05-22T13:23:22","date_gmt":"2024-05-22T13:23:22","guid":{"rendered":"https:\/\/site.imbeautyacademy.com.br\/?page_id=157"},"modified":"2024-05-22T19:47:49","modified_gmt":"2024-05-22T19:47:49","slug":"eventos","status":"publish","type":"page","link":"https:\/\/site.imbeautyacademy.com.br\/index.php\/eventos\/","title":{"rendered":"Eventos"},"content":{"rendered":"\t\t<div data-elementor-type=\"wp-page\" data-elementor-id=\"157\" class=\"elementor elementor-157\" data-elementor-post-type=\"page\">\n\t\t\t\t\t\t<section class=\"elementor-section elementor-top-section elementor-element elementor-element-7f612771 elementor-section-boxed elementor-section-height-default elementor-section-height-default\" data-id=\"7f612771\" data-element_type=\"section\" data-settings=\"{&quot;_ha_eqh_enable&quot;:false}\">\n\t\t\t\t\t\t<div class=\"elementor-container elementor-column-gap-default\">\n\t\t\t\t\t<div class=\"elementor-column elementor-col-100 elementor-top-column elementor-element elementor-element-77c785\" data-id=\"77c785\" data-element_type=\"column\">\n\t\t\t<div class=\"elementor-widget-wrap elementor-element-populated\">\n\t\t\t\t\t\t<div class=\"elementor-element elementor-element-15c0dca5 elementor-widget elementor-widget-heading\" data-id=\"15c0dca5\" data-element_type=\"widget\" data-widget_type=\"heading.default\">\n\t\t\t\t<div class=\"elementor-widget-container\">\n\t\t\t<style>\/*! elementor - v3.21.0 - 22-05-2024 *\/\n.elementor-heading-title{padding:0;margin:0;line-height:1}.elementor-widget-heading .elementor-heading-title[class*=elementor-size-]>a{color:inherit;font-size:inherit;line-height:inherit}.elementor-widget-heading .elementor-heading-title.elementor-size-small{font-size:15px}.elementor-widget-heading .elementor-heading-title.elementor-size-medium{font-size:19px}.elementor-widget-heading .elementor-heading-title.elementor-size-large{font-size:29px}.elementor-widget-heading .elementor-heading-title.elementor-size-xl{font-size:39px}.elementor-widget-heading .elementor-heading-title.elementor-size-xxl{font-size:59px}<\/style><h1 class=\"elementor-heading-title elementor-size-default\">IMBEAUTY  <b>EVENTOS<\/b><\/h1>\t\t<\/div>\n\t\t\t\t<\/div>\n\t\t\t\t\t<\/div>\n\t\t<\/div>\n\t\t\t\t\t<\/div>\n\t\t<\/section>\n\t\t\t\t<section class=\"elementor-section elementor-top-section elementor-element elementor-element-3e93961e elementor-section-boxed elementor-section-height-default elementor-section-height-default\" data-id=\"3e93961e\" data-element_type=\"section\" data-settings=\"{&quot;_ha_eqh_enable&quot;:false}\">\n\t\t\t\t\t\t<div class=\"elementor-container elementor-column-gap-default\">\n\t\t\t\t\t<div class=\"elementor-column elementor-col-100 elementor-top-column elementor-element elementor-element-33661bd3\" data-id=\"33661bd3\" data-element_type=\"column\">\n\t\t\t<div class=\"elementor-widget-wrap elementor-element-populated\">\n\t\t\t\t\t\t<section class=\"elementor-section elementor-inner-section elementor-element elementor-element-729da81c elementor-section-boxed elementor-section-height-default elementor-section-height-default\" data-id=\"729da81c\" data-element_type=\"section\" data-settings=\"{&quot;background_background&quot;:&quot;classic&quot;,&quot;_ha_eqh_enable&quot;:false}\">\n\t\t\t\t\t\t<div class=\"elementor-container elementor-column-gap-default\">\n\t\t\t\t\t<div class=\"elementor-column elementor-col-100 elementor-inner-column elementor-element elementor-element-6403bcea\" data-id=\"6403bcea\" data-element_type=\"column\">\n\t\t\t<div class=\"elementor-widget-wrap elementor-element-populated\">\n\t\t\t\t\t\t<div class=\"elementor-element elementor-element-5c573e84 elementor-widget elementor-widget-heading\" data-id=\"5c573e84\" data-element_type=\"widget\" data-widget_type=\"heading.default\">\n\t\t\t\t<div class=\"elementor-widget-container\">\n\t\t\t<h2 class=\"elementor-heading-title elementor-size-default\">Sem Eventos no momento<\/h2>\t\t<\/div>\n\t\t\t\t<\/div>\n\t\t\t\t\t<\/div>\n\t\t<\/div>\n\t\t\t\t\t<\/div>\n\t\t<\/section>\n\t\t\t\t\t<\/div>\n\t\t<\/div>\n\t\t\t\t\t<\/div>\n\t\t<\/section>\n\t\t\t\t<section class=\"elementor-section elementor-top-section elementor-element elementor-element-ab3a233 elementor-hidden-desktop elementor-hidden-tablet elementor-hidden-mobile elementor-section-boxed elementor-section-height-default elementor-section-height-default\" data-id=\"ab3a233\" data-element_type=\"section\" data-settings=\"{&quot;_ha_eqh_enable&quot;:false}\">\n\t\t\t\t\t\t<div class=\"elementor-container elementor-column-gap-default\">\n\t\t\t\t\t<div class=\"elementor-column elementor-col-100 elementor-top-column elementor-element elementor-element-79457a46\" data-id=\"79457a46\" data-element_type=\"column\">\n\t\t\t<div class=\"elementor-widget-wrap elementor-element-populated\">\n\t\t\t\t\t\t<section class=\"elementor-section elementor-inner-section elementor-element elementor-element-5476ca68 elementor-section-boxed elementor-section-height-default elementor-section-height-default\" data-id=\"5476ca68\" data-element_type=\"section\" data-settings=\"{&quot;background_background&quot;:&quot;classic&quot;,&quot;_ha_eqh_enable&quot;:false}\">\n\t\t\t\t\t\t<div class=\"elementor-container elementor-column-gap-default\">\n\t\t\t\t\t<div class=\"elementor-column elementor-col-50 elementor-inner-column elementor-element elementor-element-13cb6a2\" data-id=\"13cb6a2\" data-element_type=\"column\">\n\t\t\t<div class=\"elementor-widget-wrap elementor-element-populated\">\n\t\t\t\t\t\t<div class=\"elementor-element elementor-element-42c504f2 elementor-widget elementor-widget-image\" data-id=\"42c504f2\" data-element_type=\"widget\" data-widget_type=\"image.default\">\n\t\t\t\t<div class=\"elementor-widget-container\">\n\t\t\t<style>\/*! elementor - v3.21.0 - 22-05-2024 *\/\n.elementor-widget-image{text-align:center}.elementor-widget-image a{display:inline-block}.elementor-widget-image a img[src$=\".svg\"]{width:48px}.elementor-widget-image img{vertical-align:middle;display:inline-block}<\/style>\t\t\t\t\t\t\t\t\t\t<img decoding=\"async\" src=\"https:\/\/site.imbeautyacademy.com.br\/wp-content\/uploads\/elementor\/thumbs\/WhatsApp-Image-2023-08-18-at-09.35.49-qohvs59q92tmdreybhlifv2n98942czbq9oiod3ln0.jpeg\" title=\"WhatsApp-Image-2023-08-18-at-09.35.49.jpeg\" alt=\"WhatsApp-Image-2023-08-18-at-09.35.49.jpeg\" loading=\"lazy\" \/>\t\t\t\t\t\t\t\t\t\t\t\t\t<\/div>\n\t\t\t\t<\/div>\n\t\t\t\t\t<\/div>\n\t\t<\/div>\n\t\t\t\t<div class=\"elementor-column elementor-col-50 elementor-inner-column elementor-element elementor-element-1b6c793a\" data-id=\"1b6c793a\" data-element_type=\"column\">\n\t\t\t<div class=\"elementor-widget-wrap elementor-element-populated\">\n\t\t\t\t\t\t<div class=\"elementor-element elementor-element-6fe8cf4b elementor-widget elementor-widget-heading\" data-id=\"6fe8cf4b\" data-element_type=\"widget\" data-widget_type=\"heading.default\">\n\t\t\t\t<div class=\"elementor-widget-container\">\n\t\t\t<h2 class=\"elementor-heading-title elementor-size-default\">Curso Pr\u00e1tico de Mechas ImBeauty Academy\n<\/h2>\t\t<\/div>\n\t\t\t\t<\/div>\n\t\t\t\t<div class=\"elementor-element elementor-element-2e5ebaea elementor-widget elementor-widget-text-editor\" data-id=\"2e5ebaea\" data-element_type=\"widget\" data-widget_type=\"text-editor.default\">\n\t\t\t\t<div class=\"elementor-widget-container\">\n\t\t\t<style>\/*! elementor - v3.21.0 - 22-05-2024 *\/\n.elementor-widget-text-editor.elementor-drop-cap-view-stacked .elementor-drop-cap{background-color:#69727d;color:#fff}.elementor-widget-text-editor.elementor-drop-cap-view-framed .elementor-drop-cap{color:#69727d;border:3px solid;background-color:transparent}.elementor-widget-text-editor:not(.elementor-drop-cap-view-default) .elementor-drop-cap{margin-top:8px}.elementor-widget-text-editor:not(.elementor-drop-cap-view-default) .elementor-drop-cap-letter{width:1em;height:1em}.elementor-widget-text-editor .elementor-drop-cap{float:left;text-align:center;line-height:1;font-size:50px}.elementor-widget-text-editor .elementor-drop-cap-letter{display:inline-block}<\/style>\t\t\t\t<p>Destrave seus medos nesse Curso Pr\u00e1tico de Mechas ImBeauty Academy onde voc\u00ea aprender\u00e1 todo o processo das t\u00e9cnicas tend\u00eancias nos sal\u00f5es em 2023: Surf Blond, Free hands e de Morena Iluminada.<\/p><p>Vem aproveitar essa oportunidade de aprender de forma pr\u00e1tica e ainda trocar experi\u00eancia com outros profissionais da \u00e1rea.<\/p>\t\t\t\t\t\t<\/div>\n\t\t\t\t<\/div>\n\t\t\t\t<div class=\"elementor-element elementor-element-10200dea elementor-widget elementor-widget-text-editor\" data-id=\"10200dea\" data-element_type=\"widget\" data-widget_type=\"text-editor.default\">\n\t\t\t\t<div class=\"elementor-widget-container\">\n\t\t\t\t\t\t\t<p>T\u00e9cnicas<\/p>\t\t\t\t\t\t<\/div>\n\t\t\t\t<\/div>\n\t\t\t\t<div class=\"elementor-element elementor-element-47da543d elementor-widget elementor-widget-text-editor\" data-id=\"47da543d\" data-element_type=\"widget\" data-widget_type=\"text-editor.default\">\n\t\t\t\t<div class=\"elementor-widget-container\">\n\t\t\t\t\t\t\t<p>\u00a0&#8211; Morena iluminada<br \/>\u00a0&#8211; Surf blond<\/p><p>Instrutor: Allan Selau @allanselauartconcept<br \/>Carga Hor\u00e1ria: 8 horas<br \/>Alunos por turma: 12 Alunos<\/p>\t\t\t\t\t\t<\/div>\n\t\t\t\t<\/div>\n\t\t\t\t<div class=\"elementor-element elementor-element-4f8aacbf elementor-widget elementor-widget-text-editor\" data-id=\"4f8aacbf\" data-element_type=\"widget\" data-widget_type=\"text-editor.default\">\n\t\t\t\t<div class=\"elementor-widget-container\">\n\t\t\t\t\t\t\t<p>Programa\u00e7\u00e3o:<\/p>\t\t\t\t\t\t<\/div>\n\t\t\t\t<\/div>\n\t\t\t\t<div class=\"elementor-element elementor-element-69be0590 elementor-widget elementor-widget-text-editor\" data-id=\"69be0590\" data-element_type=\"widget\" data-widget_type=\"text-editor.default\">\n\t\t\t\t<div class=\"elementor-widget-container\">\n\t\t\t\t\t\t\t<p>Domingo 08 de Outubro, Domingo. in\u00edcio \u00e0s 8h \u2013 T\u00e9rmino previsto 18h<\/p>\t\t\t\t\t\t<\/div>\n\t\t\t\t<\/div>\n\t\t\t\t<div class=\"elementor-element elementor-element-128014ea elementor-widget elementor-widget-text-editor\" data-id=\"128014ea\" data-element_type=\"widget\" data-widget_type=\"text-editor.default\">\n\t\t\t\t<div class=\"elementor-widget-container\">\n\t\t\t\t\t\t\t<p>Materiais inclusos no curso:<\/p>\t\t\t\t\t\t<\/div>\n\t\t\t\t<\/div>\n\t\t\t\t<div class=\"elementor-element elementor-element-7d458659 elementor-widget elementor-widget-text-editor\" data-id=\"7d458659\" data-element_type=\"widget\" data-widget_type=\"text-editor.default\">\n\t\t\t\t<div class=\"elementor-widget-container\">\n\t\t\t\t\t\t\t<p>Valor: R$300,00<\/p><p>Curso com Certifica\u00e7\u00e3o<\/p>\t\t\t\t\t\t<\/div>\n\t\t\t\t<\/div>\n\t\t\t\t<div class=\"elementor-element elementor-element-13fa5242 elementor-widget elementor-widget-text-editor\" data-id=\"13fa5242\" data-element_type=\"widget\" data-widget_type=\"text-editor.default\">\n\t\t\t\t<div class=\"elementor-widget-container\">\n\t\t\t\t\t\t\t<p>Para inscri\u00e7\u00e3o e mais informa\u00e7\u00f5es: <a href=\"https:\/\/imbeauty.com.br\/inscricao-curso-intense-cut\" target=\"_blank\" rel=\"noopener\">(48) 9 9909 0516<\/a><\/p>\t\t\t\t\t\t<\/div>\n\t\t\t\t<\/div>\n\t\t\t\t<div class=\"elementor-element elementor-element-731d1361 elementor-widget elementor-widget-text-editor\" data-id=\"731d1361\" data-element_type=\"widget\" data-widget_type=\"text-editor.default\">\n\t\t\t\t<div class=\"elementor-widget-container\">\n\t\t\t\t\t\t\t<p>Local de Realiza\u00e7\u00e3o do Curso Pr\u00e1tico:<\/p>\t\t\t\t\t\t<\/div>\n\t\t\t\t<\/div>\n\t\t\t\t<div class=\"elementor-element elementor-element-64fb6b01 elementor-widget elementor-widget-text-editor\" data-id=\"64fb6b01\" data-element_type=\"widget\" data-widget_type=\"text-editor.default\">\n\t\t\t\t<div class=\"elementor-widget-container\">\n\t\t\t\t\t\t\t<p>Sede ImBeauty Profissional<br \/>RUA THIAGO DIAS LUCIO n\u00ba 139<br \/>PARQUE INDUSTRIAL &#8211; BAIRRO POLICIA RODOVI\u00c1RIA &#8211; ARARANGU\u00c1 &#8211; SC<br \/>CEP 88902130<\/p>\t\t\t\t\t\t<\/div>\n\t\t\t\t<\/div>\n\t\t\t\t<div class=\"elementor-element elementor-element-2c31ec8d elementor-widget elementor-widget-google_maps\" data-id=\"2c31ec8d\" data-element_type=\"widget\" data-widget_type=\"google_maps.default\">\n\t\t\t\t<div class=\"elementor-widget-container\">\n\t\t\t<style>\/*! elementor - v3.21.0 - 22-05-2024 *\/\n.elementor-widget-google_maps .elementor-widget-container{overflow:hidden}.elementor-widget-google_maps .elementor-custom-embed{line-height:0}.elementor-widget-google_maps iframe{height:300px}<\/style>\t\t<div class=\"elementor-custom-embed\">\n\t\t\t<iframe loading=\"lazy\"\n\t\t\t\t\tsrc=\"https:\/\/maps.google.com\/maps?q=ImBeauty&#038;t=m&#038;z=10&#038;output=embed&#038;iwloc=near\"\n\t\t\t\t\ttitle=\"ImBeauty\"\n\t\t\t\t\taria-label=\"ImBeauty\"\n\t\t\t><\/iframe>\n\t\t<\/div>\n\t\t\t\t<\/div>\n\t\t\t\t<\/div>\n\t\t\t\t\t<\/div>\n\t\t<\/div>\n\t\t\t\t\t<\/div>\n\t\t<\/section>\n\t\t\t\t\t<\/div>\n\t\t<\/div>\n\t\t\t\t\t<\/div>\n\t\t<\/section>\n\t\t\t\t<\/div>\n\t\t","protected":false},"excerpt":{"rendered":"<p>IMBEAUTY EVENTOS Sem Eventos no momento Curso Pr\u00e1tico de Mechas ImBeauty Academy Destrave seus medos nesse Curso Pr\u00e1tico de Mechas ImBeauty Academy onde voc\u00ea aprender\u00e1 todo o processo das t\u00e9cnicas tend\u00eancias nos sal\u00f5es em 2023: Surf Blond, Free hands e de Morena Iluminada. Vem aproveitar essa oportunidade de aprender de forma pr\u00e1tica e ainda trocar experi\u00eancia com outros profissionais da \u00e1rea. T\u00e9cnicas \u00a0&#8211; Morena iluminada\u00a0&#8211; Surf blond Instrutor: Allan Selau @allanselauartconceptCarga Hor\u00e1ria: 8 horasAlunos por turma: 12 Alunos Programa\u00e7\u00e3o: Domingo 08 de Outubro, Domingo. in\u00edcio \u00e0s 8h \u2013 T\u00e9rmino previsto 18h Materiais inclusos no curso: Valor: R$300,00 Curso com Certifica\u00e7\u00e3o Para inscri\u00e7\u00e3o e mais informa\u00e7\u00f5es: (48) 9 9909 0516 Local de Realiza\u00e7\u00e3o do Curso Pr\u00e1tico: Sede ImBeauty ProfissionalRUA THIAGO DIAS LUCIO n\u00ba 139PARQUE INDUSTRIAL &#8211; BAIRRO POLICIA RODOVI\u00c1RIA &#8211; ARARANGU\u00c1 &#8211; SCCEP 88902130<\/p>\n","protected":false},"author":1,"featured_media":0,"parent":0,"menu_order":0,"comment_status":"closed","ping_status":"closed","template":"elementor_header_footer","meta":{"footnotes":""},"class_list":["post-157","page","type-page","status-publish"],"_links":{"self":[{"href":"https:\/\/site.imbeautyacademy.com.br\/index.php\/wp-json\/wp\/v2\/pages\/157","targetHints":{"allow":["GET"]}}],"collection":[{"href":"https:\/\/site.imbeautyacademy.com.br\/index.php\/wp-json\/wp\/v2\/pages"}],"about":[{"href":"https:\/\/site.imbeautyacademy.com.br\/index.php\/wp-json\/wp\/v2\/types\/page"}],"author":[{"embeddable":true,"href":"https:\/\/site.imbeautyacademy.com.br\/index.php\/wp-json\/wp\/v2\/users\/1"}],"replies":[{"embeddable":true,"href":"https:\/\/site.imbeautyacademy.com.br\/index.php\/wp-json\/wp\/v2\/comments?post=157"}],"version-history":[{"count":7,"href":"https:\/\/site.imbeautyacademy.com.br\/index.php\/wp-json\/wp\/v2\/pages\/157\/revisions"}],"predecessor-version":[{"id":244,"href":"https:\/\/site.imbeautyacademy.com.br\/index.php\/wp-json\/wp\/v2\/pages\/157\/revisions\/244"}],"wp:attachment":[{"href":"https:\/\/site.imbeautyacademy.com.br\/index.php\/wp-json\/wp\/v2\/media?parent=157"}],"curies":[{"name":"wp","href":"https:\/\/api.w.org\/{rel}","templated":true}]}}